 7 = y - 17, 4*y - 37 = -l. What is the highest common factor of 18 and y?
9
Let w(q) = 11*q - 5. Let g be w(-4). Let i be (-12)/10*(-5 + 32 + -7). Let p = i - g. Calculate the highest common factor of p and 175.
25
Suppose -104*r + 32569 + 219111 = 0. Calculate the greatest common divisor of 20 and r.
20
Let h(b) = b + 17. Let r be h(27). What is the highest common factor of r and 308?
44
Suppose 48 = 3*n + 36. What is the highest common factor of 2 and n?
2
Let s = 21 + -12. Let u(v) = 75*v - 19. Let a be u(6). Let q be a/6 + (-9)/(-54). Calculate the greatest common divisor of s and q.
9
Let x(u) = 2*u**3 - 2*u**2 + 3*u - 9. Let p = 37 + -33. Let c be x(p). Calculate the greatest common factor of 11 and c.
11
Let w be (-37)/7 + 6/21. Let q(n) = -n + 3. Let l be q(w). Let g(z) = -z + 64. Let o be g(0). What is the greatest common factor of l and o?
8
Suppose 3*g + 85 - 514 = 5*d, 3*d = 0. What is the highest common divisor of 22 and g?
11
Let v = 244 + -13. What is the greatest common factor of v and 63?
21
Suppose -5*i = -4*r - 517, -2*i - 4*r = 3*i - 533. Calculate the highest common factor of i and 252.
21
Let h be (-6)/4 - 270/(-20). Suppose 3*d = -4*o + 720, -o - 2*d = -5*o + 720. What is the highest common factor of h and o?
12
Let y(z) = 2*z**3 - 4*z**2. Let p be y(3). Suppose 2*q + 3*s - 30 = 0, 6*s - 11*s = q - 29. Calculate the greatest common divisor of q and p.
9
Suppose -4*q - 21 = -11*q. Suppose s + 1 + q = f, 3*s - 12 = -3*f. Calculate the highest common factor of 4 and f.
4
Suppose 5*l - 370 - 100 = 0. Suppose a + z - 5*z = 20, 4*a - 2*z - l = 0. Calculate the highest common factor of 192 and a.
24
Suppose -2*a - 69 = -5*f, -25*f = -24*f + a - 11. What is the highest common divisor of f and 2171?
13
Let g(r) be the first derivative of -r**3/3 + 3*r**2/2 + 7*r - 5. Let q be g(4). Suppose 61 = q*x - 47. What is the greatest common factor of 12 and x?
12
Suppose 4*x - 24 - 5 = -5*w, 0 = 3*w + 2*x - 19. What is the highest common divisor of w and 243?
9
Let z = 338 - 252. What is the highest common divisor of 215 and z?
43
Let i = 774 + -718. Calculate the highest common divisor of i and 49.
7
Let s = -7 + 9. Suppose -44 = -5*z - 2*t + 73, -5*t + 51 = s*z. Let f = 18 - -5. What is the greatest common factor of f and z?
23
Let m be 5*-40*(-18)/15. What is the highest common factor of m and 96?
48
Suppose 1 + 3 = -f, 0 = 2*u - 4*f - 26. Suppose -h = -0 - 1. Suppose 3*p - u*j - 13 = 4*p, 0 = p + j + h. Calculate the greatest common divisor of 2 and p.
2
Let a be 3/(-2)*3*-2. Suppose -a = 7*u - 51. Let d(m) = -9*m**3 - m - 1. Let n be d(-1). What is the highest common divisor of u and n?
3
Suppose -3*u = -7*u + 80. What is the greatest common divisor of u and 15?
5
Suppose -i = 23 + 126. Let m = 166 + i. Calculate the greatest common factor of 85 and m.
17
Let w = 1699 + -1664. What is the highest common divisor of 35 and w?
35
Let a(h) = 2*h**2 + 5*h + 5. Let n be a(-6). Let p = n + -39. Calculate the greatest common factor of 80 and p.
8
Let f(d) = -d**3 + 8*d**2 - 7*d - 4. Let n be f(7). Let x be ((-26)/n)/((-8)/(-80)). What is the greatest common factor of 26 and x?
13
Let a(j) = -2 - 1 - 3 + 13*j**2. Let h be a(-9). Let x be 6/8 - h/(-12). Calculate the greatest common factor of 8 and x.
8
Let k = -377 + 402. Let c(g) = g**3 - g - 1. Let v be c(2). What is the highest common divisor of v and k?
5
Suppose 2*y + v + 6 = 986, -5*y + 2456 = 4*v. Calculate the highest common divisor of y and 8.
8
Suppose -2*t - 5*k + 40 = -0*k, 54 = 4*t - 3*k. Let l be 1 + (-10)/(-4) + 42/(-84). Calculate the greatest common divisor of t and l.
3
Suppose 4*k - 5*p - 19 = 2*k, -p + 1 = 0. Suppose 0 = -4*l - l + 2400. Suppose -6*s + l = -s. What is the highest common factor of s and k?
12
Suppose -992*u + 986*u + 54 = 0. Calculate the greatest common divisor of u and 2061.
9
Suppose -21*f + 965 = 209. Calculate the highest common divisor of 252 and f.
36
Let i(m) = m**2 + 6*m + 7. Let u = 6 + -11. Let v be i(u). Suppose v*p - 9 = 7. Calculate the greatest common factor of 40 and p.
8
Let b(x) = 72*x + 445. Let k be b(-6). What is the greatest common divisor of k and 3679?
13
Suppose 595 - 6995 = -20*j. What is the greatest common divisor of 40 and j?
40
Let a(r) = -r**3 - 7*r**2 - 2*r - 6. Let o be a(-7). Let t be (-296)/(-7) + (-24)/84. Let z = 98 - t. Calculate the highest common divisor of z and o.
8
Let r be -1 + -7 + (-2)/2. Let p(x) = x**2 + 2*x - 19. Let d be p(r). Calculate the highest common factor of d and 4.
4
Let v = 41 + -35. Calculate the highest common factor of 114 and v.
6
Let j(q) = -6*q**2 + 35*q + 91. Let x(g) = -g**2 + 7*g + 18. Let b(t) = -2*j(t) + 11*x(t). Let k be b(-11). Calculate the highest common factor of 20 and k.
20
Let w(q) = -q**3 + 9*q**2 + 15*q - 22. Let r be w(10). Suppose 45 = -r*x + 33*x. Calculate the greatest common factor of 9 and x.
9
Let n(q) = q**3 - 34*q**2 + 29*q + 157. Let d be n(33). Let m(f) = 41*f + 2. Let z be m(3). Calculate the greatest common divisor of z and d.
25
Suppose 0*m - 3*m - 12 = 0, -3*q = 5*m - 1. Suppose 7 + 98 = 15*p. Calculate the highest common factor of p and q.
7
Let l be 3/3 + (-2 - -1*10). Suppose 8*u - l = 5*u. What is the greatest common divisor of 6 and u?
3
Let l = 321 - 100. Calculate the greatest common factor of 17 and l.
17
Suppose 0 = -2*w + 6. Let n be ((-3)/2)/(9/(-12)). Let i be -3*(3 - n) + 18. What is the highest common factor of w and i?
3
Let l(b) = -37*b + 22. Let y be l(-4). Let u be 2/3 - y/(-15). What is the highest common factor of 12 and u?
12
Let u be 2/5 + 103/5. Let s(l) = -9*l - 11. Let p be s(-5). Suppose -29 = -9*v + p. Calculate the highest common divisor of v and u.
7
Suppose -10*a = -305 + 15. Calculate the highest common divisor of a and 377.
29
Let a(h) = h**3 + 9*h**2 + 8*h - 4. Let v be a(-8). Let d(c) = 27*c + 10. Let x be d(v). Let r = x - -138. What is the highest common factor of r and 16?
8
Suppose -12 = -3*u + 69. Suppose 5*m + 182 = 13*l - 11*l, 5*m + 20 = 0. Calculate the highest common factor of u and l.
27
Let n be (-3228)/(-54) - 4/(-18). Suppose -9*k = -12*k + n. What is the highest common factor of 20 and k?
20
Suppose -48 = f + 3*o, f = -2*f + 2*o - 199. Let v = -45 - f. Calculate the highest common divisor of v and 24.
6
Let o(h) = -h**3 + 9*h**2 + 4*h + 9. Let f be o(9). Let b = 49 - 34. Calculate the highest common divisor of b and f.
15
Let z be 0/1 + 4 + (-18)/(-2). Calculate the greatest common divisor of 208 and z.
13
Let l = -48 - -52. Suppose l*t = 10 + 174. Calculate the greatest common divisor of t and 322.
46
Suppose 0 = 5*d - 101 - 144. Let j = 46 - 32. Calculate the highest common divisor of d and j.
7
Let z be 219/13 + 30/195. Suppose -34 = -4*u + 2*u. Calculate the highest common divisor of u and z.
17
Let o(d) = 4*d. Suppose 4*j + 22 = 2*f, 3*f + 2*f - 5*j = 55. Suppose -f = -2*h - 7. Let z be o(h). What is the highest common divisor of z and 32?
8
Let c(o) be the second derivative of -o**3/3 - 4*o**2 + 9*o. Let d be c(-4). Suppose -4*s + 604 + 68 = d. Calculate the highest common divisor of 21 and s.
21
Suppose t - 4*t = 2*i - 33, 5*i - 94 = 4*t. Let x(o) = -o - 9*o - 2*o**2 + 1 + 12*o - 7*o**3. Let a be x(-2). What is the greatest common factor of i and a?
9
Let k = -755 + 2002. Calculate the greatest common factor of k and 43.
43
Let y(i) = i**3 + 25*i**2 + 15*i - 78. Let u be y(-24). Calculate the highest common divisor of 12 and u.
6
Suppose p - 677 = -4*t, 0 = 11*t - 13*t + 3*p + 349. Calculate the greatest common factor of 20 and t.
10
Let j be (-12)/54 - (-62524)/126. Calculate the greatest common divisor of j and 93.
31
Let j = -106 - -109. Suppose 0*u = 3*u - 60. Suppose -2*m - u + 50 = 0. What is the greatest common divisor of j and m?
3
Let b = 687 - 532. What is the greatest common divisor of 62 and b?
31
Suppose 220 = 3*u - m, -5*u + 372 = -5*m + 2*m. Suppose 7*w = 6*w + 3. What is the highest common divisor of w and u?
3
Suppose 0 = -2*y - 0*y + 56. Let q be ((-18)/8)/3*34440/(-1230). What is the greatest common divisor of y and q?
7
Let m(z) = 50*z - 88. Let a be m(2). Let d = -27 + 51. What is the highest common divisor of d and a?
12
Let f(p) = p**3 - p**2 - 4*p + 4. Let a be f(3). Suppose 2*r